{"id":18,"date":"2020-03-09T20:18:46","date_gmt":"2020-03-09T20:18:46","guid":{"rendered":"http:\/\/emptynose.de\/?page_id=18"},"modified":"2022-01-12T12:42:22","modified_gmt":"2022-01-12T12:42:22","slug":"aerzte","status":"publish","type":"page","link":"https:\/\/emptynose.de\/?page_id=18","title":{"rendered":"\u00c4rzte"},"content":{"rendered":"\n<p>Es gibt weltweit nicht viele \u00c4rzte, die sich auf das Empty Nose Syndrome spezialisiert haben. Diese Seite soll einen \u00dcberblick schaffen, wer zu ihnen geh\u00f6rt &#8211; und welche Therapieoptionen dort angeboten werden.<\/p>\n\n\n\n<h2 class=\"wp-block-heading\">ENS-Spezialisten weltweit<\/h2>\n\n\n\n<hr class=\"wp-block-separator\"\/>\n\n\n\n<p><strong>Dr. Robert Bodlaj<\/strong><br><br>Lichtenfels, Bayern<br><a href=\"https:\/\/www.schlafmedizin-praxis.de\/\">https:\/\/www.schlafmedizin-praxis.de\/<\/a><br><br>Bietet sowohl Begutachtung des Materials vorab an (~100 \u20ac), als auch einen zweit\u00e4gigen ENS-Check vor Ort (~300 \u20ac f\u00fcr gesetzlich Versicherte).<br><br><strong><span style=\"text-decoration:underline;\">Behandlungsspektrum<\/span><\/strong><\/p>\n\n\n\n<ul class=\"wp-block-list\"><li>ENS-Diagnose<\/li><li>PRP-Injektionen<\/li><li>Alloderm-Implantate<\/li><li>Hyalurons\u00e4ure-Injektionen<\/li><\/ul>\n\n\n\n<hr class=\"wp-block-separator\"\/>\n\n\n\n<p><strong>Subinoy Das, MD<\/strong><br><br>Columbus, Ohio, USA<br><a href=\"http:\/\/www.usasinus.org\/\">http:\/\/www.usasinus.org\/<\/a><br><br>Bietet Begutachtung des Materials vorab an  (~150 USD). Die Injektionen und Operationen kosten zwischen 1000 und 5000 USD.<\/p>\n\n\n\n<p><strong>Behandlungsspektrum<\/strong><\/p>\n\n\n\n<ul class=\"wp-block-list\"><li>ENS-Diagnose<\/li><li>PRP\/Acell-Injektionen<\/li><li>PRP\/Acell\/StemCell-Injektionen<\/li><li>Rippenknorpel-Implantate<\/li><\/ul>\n\n\n\n<hr class=\"wp-block-separator\"\/>\n\n\n\n<p><strong>Jayakar Nayak, MD<\/strong><br><br>Stanford, California, USA<br><a href=\"https:\/\/profiles.stanford.edu\/jayakar-nayak\">https:\/\/profiles.stanford.edu\/jayakar-nayak<\/a><\/p>\n\n\n\n<p><strong>Behandlungsspektrum<\/strong><\/p>\n\n\n\n<ul class=\"wp-block-list\"><li>ENS-Diagnose<\/li><li>Rippenknorpel-Implantate<\/li><\/ul>\n\n\n\n<hr class=\"wp-block-separator\"\/>\n\n\n\n<p><strong>Dr. Fabio Piazza<\/strong><br><br>Parma, Italien<br><a href=\"https:\/\/geminimedicina.it\/\">https:\/\/geminimedicina.it\/<\/a><br><br>Bietet vor allem Implantate an. Wartezeiten sehr lang, mitunter ein Jahr.<\/p>\n\n\n\n<p><strong>Behandlungsspektrum<\/strong><\/p>\n\n\n\n<ul class=\"wp-block-list\"><li>ENS-Diagnose<\/li><li>Rippenknorpel-Implantate<\/li><\/ul>\n\n\n\n<hr class=\"wp-block-separator\"\/>\n\n\n\n<p><strong>Dr. Juan Monreal<\/strong><br><br>Madrid, Spanien<br><a href=\"https:\/\/www.drmonreal.info\/\">https:\/\/www.drmonreal.info\/<\/a><br><\/p>\n\n\n\n<p><strong>Behandlungsspektrum<\/strong><\/p>\n\n\n\n<ul class=\"wp-block-list\"><li>ENS-Diagnose<\/li><li>PRP-Injektionen<\/li><li>PRP\/StemCell-Injektionen<\/li><li>Rippenknorpel-Implantate<\/li><\/ul>\n","protected":false},"excerpt":{"rendered":"<p>Es gibt weltweit nicht viele \u00c4rzte, die sich auf das Empty Nose Syndrome spezialisiert haben. Diese Seite soll einen \u00dcberblick schaffen, wer zu ihnen geh\u00f6rt &#8211; und welche Therapieoptionen dort angeboten werden. ENS-Spezialisten weltweit Dr. Robert Bodlaj Lichtenfels, Bayernhttps:\/\/www.schlafmedizin-praxis.de\/ Bietet sowohl Begutachtung des Materials vorab an (~100 \u20ac), als auch einen zweit\u00e4gigen ENS-Check vor Ort [&hellip;]<\/p>\n","protected":false},"author":1,"featured_media":0,"parent":0,"menu_order":0,"comment_status":"closed","ping_status":"closed","template":"","meta":{"footnotes":""},"class_list":["post-18","page","type-page","status-publish","hentry"],"_links":{"self":[{"href":"https:\/\/emptynose.de\/index.php?rest_route=\/wp\/v2\/pages\/18","targetHints":{"allow":["GET"]}}],"collection":[{"href":"https:\/\/emptynose.de\/index.php?rest_route=\/wp\/v2\/pages"}],"about":[{"href":"https:\/\/emptynose.de\/index.php?rest_route=\/wp\/v2\/types\/page"}],"author":[{"embeddable":true,"href":"https:\/\/emptynose.de\/index.php?rest_route=\/wp\/v2\/users\/1"}],"replies":[{"embeddable":true,"href":"https:\/\/emptynose.de\/index.php?rest_route=%2Fwp%2Fv2%2Fcomments&post=18"}],"version-history":[{"count":4,"href":"https:\/\/emptynose.de\/index.php?rest_route=\/wp\/v2\/pages\/18\/revisions"}],"predecessor-version":[{"id":55,"href":"https:\/\/emptynose.de\/index.php?rest_route=\/wp\/v2\/pages\/18\/revisions\/55"}],"wp:attachment":[{"href":"https:\/\/emptynose.de\/index.php?rest_route=%2Fwp%2Fv2%2Fmedia&parent=18"}],"curies":[{"name":"wp","href":"https:\/\/api.w.org\/{rel}","templated":true}]}}